 is the hundreds digit of 225609060?
0
What is the hundred millions digit of 199330545?
1
What is the thousands digit of 34057602?
7
What is the units digit of 364318829?
9
What is the hundreds digit of 3537468?
4
What is the tens digit of 17652951?
5
What is the hundred thousands digit of 5697574?
6
What is the ten thousands digit of 91741759?
4
What is the hundred thousands digit of 134182522?
1
What is the units digit of 133511584?
4
What is the ten thousands digit of 5429113?
2
What is the units digit of 5338483341?
1
What is the tens digit of 231356850?
5
What is the hundred thousands digit of 445240821?
2
What is the hundreds digit of 963760291?
2
What is the tens digit of 56049434?
3
What is the thousands digit of 128550180?
0
What is the hundred thousands digit of 63094874?
0
What is the hundreds digit of 32051254?
2
What is the hundred thousands digit of 29319751?
3
What is the tens digit of 220973403?
0
What is the tens digit of 3431451487?
8
What is the ten millions digit of 406892851?
0
What is the units digit of 45158765?
5
What is the hundred thousands digit of 38382906?
3
What is the hundreds digit of 596723184?
1
What is the tens digit of 162136004?
0
What is the units digit of 32608304?
4
What is the ten thousands digit of 125191948?
9
What is the thousands digit of 1448950651?
0
What is the hundred thousands digit of 12754073?
7
What is the hundred thousands digit of 21173648?
1
What is the thousands digit of 87554315?
4
What is the hundred thousands digit of 695833771?
8
What is the billions digit of 3358692480?
3
What is the hundred thousands digit of 88399163?
3
What is the hundred thousands digit of 174701257?
7
What is the ten thousands digit of 64142180?
4
What is the hundred millions digit of 5527493130?
5
What is the hundred thousands digit of 467673646?
6
What is the tens digit of 1372440278?
7
What is the ten thousands digit of 7195203?
9
What is the hundred thousands digit of 210985301?
9
What is the hundred thousands digit of 2072310002?
3
What is the millions digit of 103413709?
3
What is the hundred millions digit of 1463943174?
4
What is the tens digit of 51314040?
4
What is the units digit of 31002992?
2
What is the ten millions digit of 441284932?
4
What is the tens digit of 2384778433?
3
What is the millions digit of 136470893?
6
What is the millions digit of 24312348?
4
What is the hundreds digit of 27731444?
4
What is the tens digit of 61601286?
8
What is the hundred thousands digit of 7694269?
6
What is the ten thousands digit of 169434684?
3
What is the millions digit of 581484607?
1
What is the thousands digit of 1998223931?
3
What is the units digit of 104880950?
0
What is the ten thousands digit of 218371418?
7
What is the ten thousands digit of 7604706?
0
What is the hundred millions digit of 1404700578?
4
What is the millions digit of 52173638?
2
What is the ten thousands digit of 35332075?
3
What is the units digit of 325109504?
4
What is the ten thousands digit of 212579787?
7
What is the ten millions digit of 156244480?
5
What is the hundred thousands digit of 140340202?
3
What is the tens digit of 2812257319?
1
What is the units digit of 49535713?
3
What is the units digit of 12875212?
2
What is the hundreds digit of 157757692?
6
What is the hundred thousands digit of 38883470?
8
What is the units digit of 285537571?
1
What is the ten thousands digit of 520170228?
7
What is the billions digit of 1084155289?
1
What is the hundred thousands digit of 287848547?
8
What is the hundred thousands digit of 3904433960?
4
What is the units digit of 1355900192?
2
What is the thousands digit of 1716772424?
2
What is the units digit of 1532152627?
7
What is the thousands digit of 39898148?
8
What is the ten millions digit of 1236428833?
3
What is the hundred thousands digit of 9750776?
7
What is the units digit of 3656357?
7
What is the tens digit of 147501862?
6
What is the ten thousands digit of 53195985?
9
What is the millions digit of 82920378?
2
What is the tens digit of 2320992?
9
What is the tens digit of 3984302326?
2
What is the units digit of 34538580?
0
What is the millions digit of 64364439?
4
What is the tens digit of 2916070?
7
What is the ten millions digit of 641098069?
4
What is the hundreds digit of 2894847?
8
What is the hundred thousands digit of 142006610?
0
What is the ten thousands digit of 141466514?
6
What is the hundred millions digit of 515420340?
5
What is the hundred millions digit of 199125050?
1
What is the hundreds digit of 7693592655?
6
What is the tens digit of 31673199?
9
What is the thousands digit of 1423399810?
9
What is the tens digit of 27336489?
8
What is the hundred millions digit of 1989322427?
9
What is the ten millions digit of 12022056?
1
What is the ten thousands digit of 52972543?
7
What is the tens digit of 178763955?
5
What is the ten millions digit of 2133912559?
3
What is the thousands digit of 584725886?
5
What is the hundred thousands digit of 23395959?
3
What is the tens digit of 30558417?
1
What is the ten millions digit of 10570423?
1
What is the units digit of 2566775?
5
What is the hundred thousands digit of 166774293?
7
What is the tens digit of 17801940?
4
What is the units digit of 115323087?
7
What is the millions digit of 56874711?
6
What is the hundreds digit of 99067221?
2
What is the hundred thousands digit of 351217746?
2
What is the thousands digit of 962071384?
1
What is the tens digit of 1892487526?
2
What is the hundred thousands digit of 87432830?
4
What is the hundred thousands digit of 745618443?
6
What is the hundred thousands digit of 1714112163?
1
What is the units digit of 7770961086?
6
What is the ten thousands digit of 189436660?
3
What is the tens digit of 2250883539?
3
What is the ten thousands digit of 140327970?
2
What is the thousands digit of 170783995?
3
What is the hundred thousands digit of 40519735?
5
What is the hundred thousands digit of 5182367432?
3
What is the hundred millions digit of 151712063?
1
What is the ten thousands digit of 3394171497?
7
What is the billions digit of 1141694904?
1
What is the hundred millions digit of 678564707?
6
What is the thousands digit of 1509837109?
7
What is the hundred thousands digit of 1915659958?
6
What is the hundred thousands digit of 9460697?
4
What is the millions digit of 252516419?
2
What is the hundred thousands digit of 410126732?
1
What is the hundred thousands digit of 2464865675?
8
What is the hundred thousands digit of 331077717?
0
What is the millions digit of 5122260924?
2
What is the tens digit of 146680149?
4
What is the hundred millions digit of 779906873?
7
What is the thousands digit of 4748495943?
5
What is the billions digit of 3923022149?
3
What is the units digit of 51656955?
5
What is the thousands digit of 1935621454?
1
What is the ten millions digit of 5149211058?
4
What is the hundreds digit of 177574255?
2
What is the hundred thousands digit of 52694893?
6
What is the units digit of 1807463?
3
What is the thousands digit of 287614899?
4
What is the ten thousands digit of 90201510?
0
What is the hundred thousands digit of 623554554?
5
What is the millions digit of 525425348?
5
What is the hundred thousands digit of 144865999?
8
What is the units digit of 3280732602?
2
What is the millions digit of 198714007?
8
What is the hundreds digit of 56371442?
4
What is the hundred thousands digit of 2136186708?
1
What is the thousands digit of 325264605?
4
What is the ten thousands digit of 223214019?
1
What is the hundred thousands digit of 267709203?
7
What is the hundreds digit of 11892484?
4
What is the hundred millions digit of 175490751?
1
What is the hundred thousands digit of 1857497378?
4
What is the ten thousands digit of 5405366488?
6
What is the tens digit of 258094101?
0
What is the thousands digit of 3154783343?
3
What is the hundred thousands digit of 280669760?
6
What is the ten millions digit of 132082519?
3
What is the thousands digit of 6003219252?
9
What is the tens digit of 2057229541?
4
What is the tens digit of 2272230028?
2
What is the hundreds digit of 152341830?
8
What is the ten thousands digit of 101518197?
1
What is the millions digit of 94218357?
4
What is the ten thousands digit of 222174672?
7
What is the hundreds digit of 